{"id":540,"date":"2015-11-09T09:18:58","date_gmt":"2015-11-09T07:18:58","guid":{"rendered":"http:\/\/hoyprueba.hol.es\/?page_id=540"},"modified":"2019-10-08T17:21:23","modified_gmt":"2019-10-08T15:21:23","slug":"contacto","status":"publish","type":"page","link":"https:\/\/www.hoyesarte.com\/premiossoledadlorenzo2020\/contacto\/","title":{"rendered":"Secretar\u00eda y Prensa"},"content":{"rendered":"<p>Puedes escribirnos a <strong>premiossoledadlorenzo@hoyesarte.com<\/strong> o rellenar este formulario de contacto. Muchas gracias.<\/p>\n\n<div class=\"wpcf7 no-js\" id=\"wpcf7-f539-o1\" lang=\"es-ES\" dir=\"ltr\" data-wpcf7-id=\"539\">\n<div class=\"screen-reader-response\"><p role=\"status\" aria-live=\"polite\" aria-atomic=\"true\"><\/p> <ul><\/ul><\/div>\n<form action=\"\/premiossoledadlorenzo2020\/wp-json\/wp\/v2\/pages\/540#wpcf7-f539-o1\" method=\"post\" class=\"wpcf7-form init\" aria-label=\"Formulario de contacto\" novalidate=\"novalidate\" data-status=\"init\">\n<fieldset class=\"hidden-fields-container\"><input type=\"hidden\" name=\"_wpcf7\" value=\"539\" \/><input type=\"hidden\" name=\"_wpcf7_version\" value=\"6.1.5\" \/><input type=\"hidden\" name=\"_wpcf7_locale\" value=\"es_ES\" \/><input type=\"hidden\" name=\"_wpcf7_unit_tag\" value=\"wpcf7-f539-o1\" \/><input type=\"hidden\" name=\"_wpcf7_container_post\" value=\"0\" \/><input type=\"hidden\" name=\"_wpcf7_posted_data_hash\" value=\"\" \/>\n<\/fieldset>\n<p>Nombre (obligatorio)\n<\/p>\n<p><span class=\"wpcf7-form-control-wrap\" data-name=\"your-name\"><input size=\"40\" maxlength=\"400\" class=\"wpcf7-form-control wpcf7-text wpcf7-validates-as-required\" aria-required=\"true\" aria-invalid=\"false\" value=\"\" type=\"text\" name=\"your-name\" \/><\/span>\n<\/p>\n<p>Correo electr\u00f3nico (obligatorio)\n<\/p>\n<p><span class=\"wpcf7-form-control-wrap\" data-name=\"your-email\"><input size=\"40\" maxlength=\"400\" class=\"wpcf7-form-control wpcf7-email wpcf7-validates-as-required wpcf7-text wpcf7-validates-as-email\" aria-required=\"true\" aria-invalid=\"false\" value=\"\" type=\"email\" name=\"your-email\" \/><\/span>\n<\/p>\n<p>Asunto\n<\/p>\n<p><span class=\"wpcf7-form-control-wrap\" data-name=\"your-subject\"><input size=\"40\" maxlength=\"400\" class=\"wpcf7-form-control wpcf7-text\" aria-invalid=\"false\" value=\"\" type=\"text\" name=\"your-subject\" \/><\/span>\n<\/p>\n<p>Mensaje\n<\/p>\n<p><span class=\"wpcf7-form-control-wrap\" data-name=\"your-message\"><textarea cols=\"40\" rows=\"10\" maxlength=\"2000\" class=\"wpcf7-form-control wpcf7-textarea\" aria-invalid=\"false\" name=\"your-message\"><\/textarea><\/span>\n<\/p>\n<p><input class=\"wpcf7-form-control wpcf7-submit has-spinner\" type=\"submit\" value=\"Enviar\" \/>\n<\/p><div class=\"wpcf7-response-output\" aria-hidden=\"true\"><\/div>\n<\/form>\n<\/div>\n\n<div class=\"entry-content\">\n<p>\u00bfQuiere saber m\u00e1s sobre nuestros premios?<\/p>\n<p>Estamos a su disposici\u00f3n:<\/p>\n<p><strong>Sara Gonz\u00e1lez Iglesias<\/strong><br \/>\n91 7890327 \/ 672105713<br \/>\nsgonzalez@plannermedia.com<\/p>\n<p><strong>Leticia P\u00e9rez-Lafuente<\/strong><br \/>\n660868239<br \/>\nleticiapls@plannermedia.com<\/p>\n<\/div>\n<p><strong><em>hoyesarte.com<\/em><\/strong><br \/>\nC\/ Adela Balboa, n\u00ba 3, 4\u00aa planta<br \/>\nMadrid 28039<\/p>\n","protected":false},"excerpt":{"rendered":"<p>Puedes escribirnos a premiossoledadlorenzo@hoyesarte.com o rellenar este formulario de contacto. Muchas gracias. \u00bfQuiere saber m\u00e1s sobre nuestros premios? Estamos a su disposici\u00f3n: Sara Gonz\u00e1lez Iglesias 91 7890327 \/ 672105713 sgonzalez@plannermedia.com Leticia P\u00e9rez-Lafuente 660868239 leticiapls@plannermedia.com hoyesarte.com C\/ Adela Balboa, n\u00ba 3, 4\u00aa planta Madrid 28039<\/p>\n","protected":false},"author":1,"featured_media":0,"parent":0,"menu_order":0,"comment_status":"closed","ping_status":"closed","template":"templates\/template-full.php","meta":{"footnotes":""},"class_list":["post-540","page","type-page","status-publish","hentry"],"_links":{"self":[{"href":"https:\/\/www.hoyesarte.com\/premiossoledadlorenzo2020\/wp-json\/wp\/v2\/pages\/540","targetHints":{"allow":["GET"]}}],"collection":[{"href":"https:\/\/www.hoyesarte.com\/premiossoledadlorenzo2020\/wp-json\/wp\/v2\/pages"}],"about":[{"href":"https:\/\/www.hoyesarte.com\/premiossoledadlorenzo2020\/wp-json\/wp\/v2\/types\/page"}],"author":[{"embeddable":true,"href":"https:\/\/www.hoyesarte.com\/premiossoledadlorenzo2020\/wp-json\/wp\/v2\/users\/1"}],"replies":[{"embeddable":true,"href":"https:\/\/www.hoyesarte.com\/premiossoledadlorenzo2020\/wp-json\/wp\/v2\/comments?post=540"}],"version-history":[{"count":3,"href":"https:\/\/www.hoyesarte.com\/premiossoledadlorenzo2020\/wp-json\/wp\/v2\/pages\/540\/revisions"}],"predecessor-version":[{"id":1187,"href":"https:\/\/www.hoyesarte.com\/premiossoledadlorenzo2020\/wp-json\/wp\/v2\/pages\/540\/revisions\/1187"}],"wp:attachment":[{"href":"https:\/\/www.hoyesarte.com\/premiossoledadlorenzo2020\/wp-json\/wp\/v2\/media?parent=540"}],"curies":[{"name":"wp","href":"https:\/\/api.w.org\/{rel}","templated":true}]}}